 when 9047003 is divided by 5.
3
What is the remainder when 31744645 is divided by 46?
45
Calculate the remainder when 8407995 is divided by 137.
31
What is the remainder when 3596426 is divided by 1379?
1373
Calculate the remainder when 5356340 is divided by 16481.
15
Calculate the remainder when 10464 is divided by 5227.
10
Calculate the remainder when 48306462 is divided by 25.
12
What is the remainder when 125615954 is divided by 793?
789
Calculate the remainder when 19785 is divided by 3500.
2285
Calculate the remainder when 1531267429 is divided by 17.
11
Calculate the remainder when 2087164 is divided by 695697.
73
Calculate the remainder when 3229596919 is divided by 2342.
2339
What is the remainder when 1092729 is divided by 263?
227
Calculate the remainder when 6159103 is divided by 139978.
71
Calculate the remainder when 125675 is divided by 94.
91
Calculate the remainder when 3247637 is divided by 3511.
3473
What is the remainder when 603973 is divided by 2097?
37
Calculate the remainder when 311083 is divided by 3176.
3011
What is the remainder when 729052 is divided by 3540?
3352
Calculate the remainder when 2209255 is divided by 38.
11
What is the remainder when 19320670 is divided by 966032?
30
What is the remainder when 258065650 is divided by 1694?
1690
Calculate the remainder when 81372 is divided by 409.
390
What is the remainder when 31083 is divided by 2849?
2593
Calculate the remainder when 130418761 is divided by 476.
473
What is the remainder when 934746 is divided by 259?
15
Calculate the remainder when 180600 is divided by 12025.
225
What is the remainder when 21774235 is divided by 7258073?
16
What is the remainder when 4783416 is divided by 19?
14
What is the remainder when 4481615 is divided by 292?
291
What is the remainder when 8837 is divided by 4303?
231
What is the remainder when 2496920 is divided by 30444?
512
What is the remainder when 27126 is divided by 2998?
144
What is the remainder when 8568942 is divided by 693?
690
What is the remainder when 152716430 is divided by 1004?
1002
Calculate the remainder when 7778574 is divided by 10685.
10579
Calculate the remainder when 1470977 is divided by 169.
1
Calculate the remainder when 206528 is divided by 29501.
21
Calculate the remainder when 882464 is divided by 12414.
1070
What is the remainder when 65601425 is divided by 79?
62
Calculate the remainder when 6393309 is divided by 437.
436
Calculate the remainder when 133448971 is divided by 22241495.
1
Calculate the remainder when 10783 is divided by 8985.
1798
Calculate the remainder when 404456 is divided by 101097.
68
What is the remainder when 1288319 is divided by 429430?
29
Calculate the remainder when 16407 is divided by 8119.
169
What is the remainder when 34365528 is divided by 563?
8
What is the remainder when 1163050 is divided by 193395?
2680
Calculate the remainder when 5784245 is divided by 94823.
42
What is the remainder when 266072 is divided by 15634?
294
What is the remainder when 22127 is divided by 456?
239
What is the remainder when 5521 is divided by 494?
87
What is the remainder when 32985539 is divided by 2537349?
2
What is the remainder when 1328 is divided by 802?
526
Calculate the remainder when 179646553 is divided by 17.
5
What is the remainder when 795653 is divided by 4494?
215
Calculate the remainder when 5228763 is divided by 2456.
2395
What is the remainder when 1699909 is divided by 424965?
49
Calculate the remainder when 8877494 is divided by 6314.
10
What is the remainder when 3220407 is divided by 10991?
44
What is the remainder when 200781 is divided by 8029?
56
Calculate the remainder when 16532828 is divided by 42.
32
Calculate the remainder when 10349283 is divided by 11423.
45
Calculate the remainder when 2502385 is divided by 1007.
997
What is the remainder when 762370 is divided by 47635?
210
Calculate the remainder when 81238061 is divided by 18459.
2
Calculate the remainder when 473412 is divided by 14225.
3987
Calculate the remainder when 292117 is divided by 990.
67
Calculate the remainder when 1174428 is divided by 27.
9
Calculate the remainder when 587512 is divided by 2.
0
What is the remainder when 518662199 is divided by 15?
14
Calculate the remainder when 61024 is divided by 3386.
76
Calculate the remainder when 174743 is divided by 34888.
303
Calculate the remainder when 121536 is divided by 40246.
798
Calculate the remainder when 88625 is divided by 3725.
2950
Calculate the remainder when 101744 is divided by 14534.
6
Calculate the remainder when 5247 is divided by 1307.
19
Calculate the remainder when 70954 is divided by 91.
65
What is the remainder when 1296721 is divided by 1006?
993
Calculate the remainder when 18201066 is divided by 1959.
1956
What is the remainder when 194315787 is divided by 194315781?
6
What is the remainder when 2424008 is divided by 56?
48
Calculate the remainder when 2479780 is divided by 13.
4
Calculate the remainder when 3326470 is divided by 101.
35
What is the remainder when 124133 is divided by 15514?
21
What is the remainder when 2538375 is divided by 47?
46
Calculate the remainder when 895629 is divided by 895628.
1
Calculate the remainder when 115829 is divided by 2105.
54
What is the remainder when 336471 is divided by 79?
10
What is the remainder when 155524 is divided by 161?
159
What is the remainder when 6142021 is divided by 193?
182
Calculate the remainder when 468917 is divided by 190.
187
What is the remainder when 8634437 is divided by 20856?
53
What is the remainder when 13593 is divided by 2160?
633
Calculate the remainder when 6247513 is divided by 3283.
3247
What is the remainder when 7592378 is divided by 19?
16
Calculate the remainder when 731989 is divided by 366.
355
Calculate the remainder when 1344339 is divided by 583.
524
Calculate the remainder when 6089559 is divided by 41.
34
Calculate the remainder when 1109863 is divided by 56.
55
What is the remainder when 1323551 is divided by 661739?
73
Calculate the remainder when 93316 is divided by 779.
615
What is the remainder when 4296122 is divided by 1127?
1125
Calculate the remainder when 47172 is divided by 7842.
120
What is the remainder when 144196 is divided by 20494?
738
Calculate the remainder when 26859894 is divided by 216612.
6
Calculate the remainder when 1532953 is divided by 713.
3
What is the remainder when 3264911 is divided by 2844?
2843
What is the remainder when 18471389 is divided by 10904?
13
Calculate the remainder when 694987 is divided by 231247.
1246
Calculate the remainder when 258160271 is divided by 4504.
4503
Calculate the remainder when 2749109 is divided by 3219.
83
What is the remainder when 558822 is divided by 907?
110
What is the remainder when 709000 is divided by 7966?
26
Calculate the remainder when 236058 is divided by 3747.
3744
Calculate the remainder when 1099948 is divided by 509.
508
What is the remainder when 1731524 is divided by 37?
35
Calculate the remainder when 90261315 is divided by 258.
15
Calculate the remainder when 37860 is divided by 3152.
36
Calculate the remainder when 27514 is divided by 4276.
1858
What is the remainder when 806505 is divided by 243?
231
What is the remainder when 138805694 is divided by 21?
20
Calculate the remainder when 51185768 is divided by 647921.
9
What is the remainder when 73616 is divided by 6638?
598
Calculate the remainder when 8964030 is divided by 137.
120
What is the remainder when 181176 is divided by 239?
14
What is the remainder when 173551 is divided by 43307?
323
What is the remainder when 1461260 is divided by 97416?
20
What is the remainder when 291259 is divided by 1370?
819
What is the remainder when 2445267 is divided by 495?
462
Calculate the remainder when 3493054 is divided by 498.
82
What is the remainder when 1723052 is divided by 9790?
12
Calculate the remainder when 1365170 is divided by 1022.
800
What is the remainder when 633734 is divided by 105452?
1022
Calculate the remainder when 13256 is divided by 6094.
1068
What is the remainder when 8359090 is divided by 27?
25
Calculate the remainder when 237852 is divided by 1065.
357
What is the remainder when 99828 is divided by 16482?
936
Calculate the remainder when 5179221 is divided by